 of x.
5
Let a(b) = -66*b - 19. Let n(i) = -i**2 - 6*i - 8. Suppose -r - 5*u + 10 = 0, 2*r = 9*u - 8*u - 13. Let h be n(r). What are the prime factors of a(h)?
179
Let j(v) = -v**3 - 6*v**2 - 2*v - 8. Let x be j(-6). Let w be (-4 + (14 - 2)/x)*-21. Suppose -4*y + 71 = -w. List the prime factors of y.
23
Suppose 0 = 20*f + 313 + 1927. Let a = f - -376. What are the prime factors of a?
2, 3, 11
Let v(f) be the third derivative of f**5/60 + 19*f**4/24 - 32*f**3/3 + 14*f**2 - 6*f. List the prime factors of v(-26).
2, 59
Suppose -5*a - 5*x + 23135 = 0, -13851 = -114*a + 111*a + 3*x. List the prime factors of a.
2, 2311
Let l = -877 + 4704. What are the prime factors of l?
43, 89
Suppose 3*k + 69 = -0*m - 3*m, -3*m = -6. Let f = 29 + k. Suppose 6*u - f*u = 3*q - 162, 4*q = -u + 216. List the prime factors of q.
2, 3
Let y(z) = 28780*z**2 + 52*z + 1. List the prime factors of y(1).
3, 7, 1373
Let h = 83948 + -57808. List the prime factors of h.
2, 5, 1307
Suppose 0 = -3*q + b + 10, 2 = -5*q - 0*b - 3*b. Suppose 0 = q*p - 351 + 29. Let g = -91 + p. List the prime factors of g.
2, 5, 7
Let q = -627 - -1257. Suppose 11*k - 9908 - q = 0. List the prime factors of k/15 - 2/15*-1.
2
Let h = 57 + -52. Let z be ((-18)/h)/(-1) + 4/10. Suppose z*r + 2*a - 133 - 123 = 0, 4*r = -3*a + 258. What are the prime factors of r?
3, 7
Let j = -67 - -70. Suppose -j*x = 7*x - 70. Let l(w) = 2*w**3 - 11*w**2 - 5*w - 15. List the prime factors of l(x).
97
Let i(g) = 2*g - 5. Let l(w) = -6*w + 16. Let a(f) = 11*i(f) + 4*l(f). Let t be a(2). Suppose -t*x = -12 - 203. List the prime factors of x.
43
Let v(z) = -2*z**3 - 18*z**2 + 16*z - 14. Let f(l) = 6*l**3 + 56*l**2 - 48*l + 42. Let h(g) = 4*f(g) + 11*v(g). What are the prime factors of h(-12)?
2, 13, 19
Let o be (0 - 14/77) + (-4)/(-22). Suppose o = -3*l - 2*c + 497, 127 = 2*l - 4*c - 215. List the prime factors of l.
167
Suppose 2*v - 3*j - 2*j = 6, -4*j - 10 = v. Let n be (-1 + (8 - 3))*2 + v. Suppose -n*q = -q - 250. List the prime factors of q.
2, 5
Let h = -182 + 85. Let o be 1 + (3 - (h - 0)). List the prime factors of -1 + o + 2 - -2.
2, 13
Suppose -s - 2*m = 5 - 9, 4*s - 6 = 2*m. Suppose s*a - 1385 = -3*a. What are the prime factors of a?
277
Let v(u) = 28*u - 6*u - 21 - 7*u - 5*u. List the prime factors of v(10).
79
Suppose -12*d - 1493 = 175. Let l = 716 + d. What are the prime factors of l?
577
Let w be 48/648 + (-9500)/(-54). What are the prime factors of -7 + w/24 + (-14576)/(-12)?
3, 5
Let o = 87475 - 49883. List the prime factors of o.
2, 37, 127
Let z(v) = -v**2 + 26*v - 31. Suppose 4*d = 3*s - 346, s = 2*s + d - 106. Suppose -15 = 5*r - s. List the prime factors of z(r).
2, 3, 17
What are the prime factors of (11 - 160/16)*26156?
2, 13, 503
Suppose 0 = -4*b + 2*z + 58092, 0 = -5*b - 2*z + 45093 + 27549. List the prime factors of b.
2, 3, 269
Suppose -3*y - 10 + 16 = 0. Suppose h = -y*p + 43, 3*p - 5*p + 5*h + 49 = 0. List the prime factors of p.
2, 11
Suppose -2*a + 308*c + 3643 = 303*c, -4*a + 3*c = -7293. List the prime factors of a.
2, 3, 19
Suppose 3 = 3*f + 4*d + 2, 5*f + d = 13. Suppose k - 154 = 4*n, f*k - 151 = 2*k + 5*n. What are the prime factors of k?
2, 83
Suppose 0 = 45*j + 4203 + 4257. Let c = -2 - -8. List the prime factors of ((-44)/c)/(3 - j/(-60)).
5, 11
Let n(m) = 3*m**2 - 68*m + 18. Let r be n(15). Let h = 222 - r. List the prime factors of h.
3, 61
Suppose 27*t - 41*t + 145376 = 0. What are the prime factors of t?
2, 11, 59
Let s be (-3308)/(-12) - (44/12 - 3). Let z = 668 - s. List the prime factors of z.
3, 131
Suppose 0 = 20*u - 18*u + 5*r - 28828, r + 14421 = u. What are the prime factors of u?
14419
Let r be (-9)/(-6) - (-1)/(-2). Let h be r + 0 + 8/2. Suppose -h*l = -2*x - 199, -2*l + 3*x - 7*x + 70 = 0. List the prime factors of l.
3, 13
Let g = -56738 + 81126. What are the prime factors of g?
2, 7, 13, 67
Let u = -51 - -51. Suppose u = -j - 15 + 1. Let z = j + 211. What are the prime factors of z?
197
Suppose 2*d + 4 = -y, 2*y - 22*d = -20*d + 4. Suppose 339 = 4*p - f, y = 5*f + 7 - 12. What are the prime factors of p?
5, 17
Let b = 19684 - 6040. List the prime factors of b.
2, 3, 379
Suppose 0 = p - 2*a - 14, -3*a + a = -8. Let o be 4 - (4 + 4 + -4). Suppose f + 3 = o, 0 + p = 2*x + 2*f. What are the prime factors of x?
2, 7
Suppose 2*d = 5*s - 0*d + 75, s - 2*d + 15 = 0. List the prime factors of (s - -10) + 1 + 1 + 620.
617
Suppose 5*u + 26*i = 27*i + 18754, 4*i = 24. What are the prime factors of u?
2, 7, 67
Let r be 4/18 + (-32)/(-18). Suppose -4*s = -l + r*l + 7100, 5*s + l + 8876 = 0. List the prime factors of ((-1)/4)/(12/s).
37
Suppose 0 = 3*y - 12, 294*q - 289*q = 2*y + 11977. What are the prime factors of q?
3, 17, 47
Let r = -30 - -31. List the prime factors of (r - -303) + (-108)/(-27).
2, 7, 11
Let z = 224 - 214. What are the prime factors of -1*56/z*-175?
2, 5, 7
Let i(s) = s**2 - 71*s + 1092. Let f be i(21). Let o = -9 + 76. Suppose b = f + o. What are the prime factors of b?
109
Suppose 8*z = 19 + 5. Let d = z - -15. Suppose 0*q - 2*j = -2*q + d, -j = 3*q - 23. What are the prime factors of q?
2
Suppose -27*m + 2*o = -31*m - 10686, -3*m - 2*o - 8017 = 0. Let f = -1615 - m. What are the prime factors of f?
2, 17, 31
Let l = -58787 + 91960. List the prime factors of l.
7, 677
Suppose 4*m + 12048 = 2*o, 20522 + 9623 = 5*o - 5*m. List the prime factors of o.
2, 7, 431
Suppose 143 = -4*x + 491. Let a(i) = i + 2. Let y be a(-2). Suppose -5*s + 3*f + 133 + x = y, -88 = -2*s - 3*f. List the prime factors of s.
2, 11
Let q(d) = 38*d**3 + 15*d**2 + 2*d + 19. List the prime factors of q(6).
8779
Let w = -8897 + 17007. What are the prime factors of w?
2, 5, 811
Suppose -665 = 2*g - 0*g + v, g - 5*v = -349. Let f = g + 1222. Suppose -2*l + f = 4*l. What are the prime factors of l?
2, 37
Suppose -5*v + 37 = 22. Suppose -r = -3*s + 73, 2*r - v*s + 2*s + 121 = 0. Let o = r + 99. What are the prime factors of o?
41
Suppose -18*x + 2808 = -14*x. Let c = x + -451. List the prime factors of c.
251
Let r = 33081 - 6965. List the prime factors of r.
2, 6529
Suppose -13*i + 5*i = 4*z - 27956, 3*i + 2*z - 10486 = 0. List the prime factors of i.
2, 3, 97
Let z(d) = 21*d**2. Let s be z(-2). Let n(j) = 11*j. Let p be n(6). Let l = p + s. What are the prime factors of l?
2, 3, 5
Suppose -7 = -w - 25*a + 27*a, 5*w = -5*a - 10. List the prime factors of (-4*w)/((-10)/2750*2).
2, 5, 11
Suppose -6*c + 7*c = -2*z + 1517, c - 758 = -z. Suppose 5*s - 2405 = -3*p + z, -2*s - 1062 = -p. What are the prime factors of p?
2, 23
Let u be 42/189 - (-68)/18. Suppose 4*w = 2*r - 22, -2*r + 0*r - u*w = 2. Suppose -4*p + r*i = -587, -p + 0*i = i - 140. What are the prime factors of p?
11, 13
Let s(h) = -90*h + 38. Let c be s(-7). Let t = -476 + c. What are the prime factors of t?
2, 3
Suppose -9*u - 970497 = -23*u - 291273. List the prime factors of u.
2, 3, 13, 311
Let s(t) = 20*t**2 - 127*t + 2. List the prime factors of s(9).
479
Let c = -271 - -365. Let l = c - 53. What are the prime factors of l?
41
Suppose -4*v + 68743 = 5*p, -v + 18492 - 1320 = 4*p. List the prime factors of v.
2, 7, 307
Let w(r) = r**2 + 13*r + 31. Let k be w(-10). Let n(x) = -10*x**3 + 2*x**2 - 3*x + 2. Let p be n(k). Let u = p - -35. What are the prime factors of u?
2, 13
Let t = 409 + -409. Suppose t = j + 30*j - 25947. What are the prime factors of j?
3, 31
Let x(w) = -1. Let d(y) = 23*y - 11. Let v(t) = -d(t) - x(t). Let p be v(-3). Suppose 5*b + 2*o = 603, -4*o - 44 = -b + p. List the prime factors of b.
11
Let k(i) = i**3 - 7*i**2 + 8*i - 7. Let y be k(6). Let c be (6 - y)*(-2 - -626). Suppose -h - 5*h = -c. List the prime factors of h.
2, 13
Let g = -51 + 58. Let q(a) = 261*a - 256. List the prime factors of q(g).
1571
Suppose 0 = 5*o + 63 - 718. Suppose 0 = 3*c + 3*l - 85 - 89, 0 = -2*c + l + o. List the prime factors of c.
3, 7
Let z = 52748 - 16210. List the prime factors of z.
2, 18269
Suppose n + r = 3, -r = -5*n - 3*r + 3. What are the prime factors of n/(-1)*(-28 - -437)?
409
Let t(l) = 156*l - 39. Let a(b) = -b**2 - 31*b + 184. Let m be a(-36). List the prime factors of t(m).
3, 5, 13
Let c(y) = 6*y + 1. Let w be c(2). Suppose 11 = -4*i + 3*z, -4*i + z + z = 10. List the prime factors of w/6 + i - (-1006)/12.
2,